127. Calculate b(-89).
-51
Let v(g) = -19*g**2 + 13*g + 48. Calculate v(-4).
-308
Let b(g) = 27*g + 1455. Determine b(-50).
105
Let x(b) = -3*b**3 - 7*b**2 + 15*b. Determine x(4).
-244
Let g(w) = 176*w - 6114. Calculate g(35).
46
Let s(x) = x**3 - 26*x**2 - 8*x + 194. Determine s(26).
-14
Let i(a) = -a**2 - 94*a - 2088. Give i(-36).
0
Let k(g) = -50*g**2 + 59*g + 91. Calculate k(-2).
-227
Let m(b) = -14*b - 388. Determine m(-27).
-10
Let j(r) = -15*r + 668. Determine j(45).
-7
Let d(a) = 2744*a + 43. What is d(0)?
43
Let g(s) = 8*s + 94. Calculate g(-8).
30
Let k(n) = -n**2 - 150*n + 1935. Determine k(12).
-9
Let v(u) = -5*u**2 - 64*u + 269. Give v(4).
-67
Let o(m) = 3*m**2 + 340*m + 3469. Calculate o(-102).
1
Let j(a) = -221*a**2 + 1100*a + 22. What is j(5)?
-3
Let k(c) = -82*c - 746. Determine k(-9).
-8
Let r(o) = o**2 - 28*o + 95. What is r(10)?
-85
Let n(k) = -k**2 + 24*k - 148. Calculate n(14).
-8
Let j(b) = -35*b + 586. What is j(17)?
-9
Let m(k) = -2*k**3 - 19*k**2 - 15*k - 47. Give m(-9).
7
Let w(r) = -r**3 - 17*r**2 - 94*r - 216. What is w(-10)?
24
Let m(c) = -46*c**3 + 9*c**2 - 22*c - 21. What is m(-1)?
56
Let o(n) = 3*n**3 + 22*n**2 + 5*n + 8. Give o(-7).
22
Let r(u) = 6*u**2 - 3250*u - 3249. Determine r(-1).
7
Let c(f) = -115*f + 14380. What is c(125)?
5
Let t(s) = -s**3 - s**2 + 4*s - 45. Determine t(0).
-45
Let k(q) = q**3 + 52*q**2 - 112*q + 9851. Calculate k(-57).
-10
Let y(g) = -2*g**2 - 175*g + 468. What is y(-90)?
18
Let f(z) = 123*z - 2811. Calculate f(25).
264
Let j(p) = -9*p + 102. Determine j(-11).
201
Let i(v) = 2*v**3 - 18*v**2 - 22*v + 5. Determine i(10).
-15
Let f(n) = 173*n**2 + 859*n + 859. What is f(-1)?
173
Let i(d) = d**2 + 284*d + 10170. What is i(-42)?
6
Let b(x) = 4*x + 88. Give b(-8).
56
Let l(b) = 1060*b + 20133. Calculate l(-19).
-7
Let o(u) = -4*u**2 - 46*u + 125. What is o(-13)?
47
Let d(f) = 5*f**3 + 5*f**2 + 11*f + 18. Determine d(-5).
-537
Let d(g) = 56*g - 2134. Give d(38).
-6
Let r(d) = -d**2 + 27*d - 22. Calculate r(0).
-22
Let w(y) = -y**3 + 11*y**2 + 24*y + 41. What is w(13)?
15
Let b(t) = -18*t - 192. Determine b(-13).
42
Let x(n) = -32*n - 45. What is x(-7)?
179
Let a(v) = 34*v + 715. What is a(-20)?
35
Let l(b) = -2*b**3 + 11*b**2 + 5*b + 5. Determine l(6).
-1
Let l(a) = -a**3 + 5*a**2 + 66*a - 276. Give l(9).
-6
Let m(t) = -53*t**2 + 29*t - 63. Calculate m(2).
-217
Let a(u) = 339*u - 942. Determine a(3).
75
Let r(n) = -n**3 + 26*n**2 + 4*n + 10. What is r(26)?
114
Let j(h) = -h**3 - 2*h**2 - 46*h - 124. What is j(0)?
-124
Let a(w) = 604*w - 27782. What is a(46)?
2
Let x(i) = i**2 - 8*i - 2. What is x(4)?
-18
Let x(v) = -5*v**2 + 124*v + 414. Calculate x(-3).
-3
Let b(v) = 2*v**3 - 19*v**2 - 3*v - 24. What is b(9)?
-132
Let i(y) = 2*y**2 - 50*y + 54. What is i(2)?
-38
Let a(h) = -29*h - 739. What is a(-37)?
334
Let v(w) = 3*w**2 - 103*w + 134. What is v(33)?
2
Let x(k) = 22*k**2 + 340*k + 341. What is x(-1)?
23
Let t(b) = b**3 + 12*b**2 - 32*b - 37. Calculate t(-14).
19
Let u(g) = 3*g**2 - 31*g - 203. Give u(-7).
161
Let s(n) = -171*n - 14184. Give s(-83).
9
Let x(n) = n**3 + 13*n**2 + 21*n + 3. Determine x(-14).
-487
Let t(k) = 2*k**2 + 4*k + 89. What is t(-4)?
105
Let h(z) = -3*z**3 + 267*z**2 - 4*z + 359. Give h(89).
3
Let u(q) = 37*q - 3546. Calculate u(96).
6
Let i(y) = -5*y**2 + 68*y + 187. Give i(16).
-5
Let r(m) = 5*m**3 - 26*m**2 + 22*m - 98. Give r(5).
-13
Let q(k) = -k**2 + 9*k - 32. Determine q(-6).
-122
Let u(m) = m**3 - 138*m**2 - 354*m + 48856. Calculate u(138).
4
Let j(k) = -k**2 - 25*k - 148. Give j(-9).
-4
Let z(d) = -9*d**3 + 20*d**2 + 304*d - 111. What is z(-5)?
-6
Let n(o) = -o**3 - 29*o**2 - 8*o - 143. What is n(-29)?
89
Let d(l) = -5485*l - 137121. Determine d(-25).
4
Let t(p) = 32*p + 518. Determine t(-16).
6
Let c(d) = -11*d**3 + 3*d**2 + 6*d - 11. Give c(-2).
77
Let s(l) = -175*l + 284. Determine s(0).
284
Let b(t) = 13*t**2 - 109*t + 18. Determine b(9).
90
Let v(z) = -7*z**3 - 132*z**2 + 17*z - 85. Calculate v(-19).
-47
Let g(d) = -28*d**2 + 540*d + 5. Give g(19).
157
Let i(c) = c**3 + 6*c**2 - c - 4. Calculate i(-3).
26
Let z(y) = 92*y - 4. Calculate z(1).
88
Let i(b) = 299*b + 2288. Give i(-8).
-104
Let a(g) = g**3 - 18*g**2 + 73*g - 35. Calculate a(5).
5
Let z(h) = 65*h**2 + 59*h - 17. Determine z(-4).
787
Let i(k) = -5*k**2 - 8*k + 46. Give i(-4).
-2
Let t(s) = 9*s - 283. What is t(33)?
14
Let t(u) = 386*u - 101. What is t(0)?
-101
Let l(o) = -3*o**3 - 59*o**2 + 149*o - 110. What is l(-22)?
0
Let p(a) = 17*a - 57. Determine p(-5).
-142
Let k(i) = 2*i**3 + 194*i**2 - 17*i - 1638. What is k(-97)?
11
Let g(u) = -3327*u - 89828. Calculate g(-27).
1
Let y(t) = -3*t**2 - 126*t - 1504. Determine y(-19).
-193
Let t(s) = 29*s**2 + 2726*s - 13. Determine t(-94).
-13
Let p(i) = -i**3 - 185*i**2 + 754*i - 388. Give p(-189).
-10
Let t(x) = -18244*x - 675034. Give t(-37).
-6
Let w(f) = 15*f**3 + 3*f**2 + f + 6. What is w(-3)?
-375
Let p(c) = 28*c**2 + 1876*c - 30. Give p(-67).
-30
Let q(k) = -9*k - 519. Determine q(-60).
21
Let r(z) = 3078*z + 166197. Calculate r(-54).
-15
Let h(k) = -11*k**2 + 166. Calculate h(-4).
-10
Let b(v) = -2*v**3 - 93*v**2 - 136*v + 23. What is b(-45)?
68
Let y(o) = 915*o + 923. Determine y(-1).
8
Let g(s) = -12*s**2 - 846*s - 373. What is g(-70)?
47
Let o(y) = 582*y - 87. Give o(1).
495
Let u(j) = -18*j**2 - 485*j - 11. Give u(-27).
-38
Let g(w) = 24*w + 805. Determine g(-8).
613
Let s(a) = -6*a**3 - 588*a**2 - 582*a - 3. Determine s(-97).
-3
Let r(y) = -y**3 - 33*y**2 - 33*y - 8. What is r(-32)?
24
Let b(k) = 37*k + 26. What is b(6)?
248
Let k(w) = w**2 - 418*w + 43350. What is k(191)?
-7
Let v(b) = b**3 + 20*b**2 - 141*b - 88. What is v(6)?
2
Let b(d) = 10429*d - 11. Give b(0).
-11
Let g(h) = -4*h**2 - 326*h - 494. Determine g(-80).
-14
Let g(w) = 33*w**3 + 365*w**2 + 29*w + 67. What is g(-11)?
-10
Let k(r) = -17*r + 190. Calculate k(9).
37
Let a(o) = o**2 - 860*o - 5194. Give a(-6).
2
Let b(n) = -6*n**2 - 19*n - 11. Give b(-5).
-66
Let i(s) = s**3 + 21*s**2 + 33*s - 47. Calculate i(-19).
48
Let v(f) = -254*f**2 + 8130*f - 54. Give v(32).
10
Let n(i) = -17*i + 1203. Determine n(71).
-4
Let v(u) = 10*u**2 + 3*u - 11. Give v(2).
35
Let d(z) = 6*z**3 - 177*z**2 - 93*z + 84. What is d(30)?
-6
Let j(m) = 1703*m - 3469. Give j(2).
-63
Let z(m) = -187*m - 2243. Give z(-9).
-560
Let j(a) = 5*a**2 + 155*a + 510. Give j(-27).
-30
Let g(q) = -11461*q - 561583. Calculate g(-49).
6
Let t(g) = 68*g - 4545. Calculate t(67).
11
Let q(b) = 764*b - 31330. What is q(41)?
-6
Let s(m) = -13*m**2 - 104*m + 426. Calculate s(-11).
-3
Let w(c) = -c**3 + 19*c**2 + 30*c + 127. Give w(21).
-125
Let v(j) = -j**3 + 12*j**2 - 18*j - 52. What is v(10)?
-32
Let z(i) = 317*i**2 + 8241*i - 22. Determine z(-26).
4
Let i(z) = 34*z**3 + 362*z**2 - 141*z - 92. Calculate i(-11).
7
Let o(l) = 9259*l + 64826. Calculate o(-7).
13
Let p(s) = -s**3 + 8*s**2 + 85*s - 670. Calculate p(7).
-26
Let w(c) = -c**3 - 6*c**2 - 9*c - 5. Calculate w(-3).
-5
Let t(c) = -c**2 + 6*c + 174. Determine t(22).
-178
Let c(z) = 4*z + 118. What is c(-32)?
-10
Let k(h) = h**2 - 179*h - 6759. Calculate k(211).
-7
Let p(y) = 11*y**2 - 4*y - 12. What is p(-3)?
99
Let l(v) = 8*v - 31. Give l(34).
241
Let l(z) = z**2 + 26*z - 216. What is l(-32)?
-24
Let u(o) = -2686*o + 5373. What is u(2)?
1
Let u(f) = 5*f**2 + 828*f - 1165. Determine u(-167).
4
Let u(p) = -9*p**3 + 12*p**2 - 33*p + 19. Give u(3).
-215
Let j(q) = 4*q**3 + 24*q**2 - 4*q - 23. Calculate j(-6).
1
Let p(c) = -3*c**2 - 33*c + 32. Calculate p(-16).
-208
Let w(k) = -k**2 + 982*k + 26232. Calculate w(-26).
24
Let x(i) = i**3 - 2*i**2 - 6*i - 4. Calculate x(-5).
-149
Let s(d) = -5*d**3 - 146*d**2 + 106*d - 423. Determine s(-30).
-3
Let s(r) = -710*r - 4267. Determine s(-6).
-7
Let j(p) = -290*p + 287. Determine j(1).
-3
Let x(o) = o**3 + 66*o**2 - 168*o - 22490. What is x(-63)?
1
Let g(l) = -232*l - 257. Determine g(-1).
-25
Let q(h) = 65*h + 845. Give q(-13).
0
Let q(x) = -20*x**2 + 545*x + 30. Determine q(28).
-390
Let r(w) = 263*w + 1380. Calculate r(-4).
328
Let z(a) = 352*a + 15116. Calculate z(-43).
-20
Let r(d) = d**3 + 4*d**2 + 10*d + 27. Calculate r(-4).
-13
Let l(j) = j**3 - 71*j**2 + 68*j + 125. Determine l(70).
-15
Let a(i) = i**3 - 15*i**2 - 